{"id":7649,"date":"2016-02-28T17:27:35","date_gmt":"2016-02-28T16:27:35","guid":{"rendered":"http:\/\/www.2muve.de\/?page_id=7649"},"modified":"2018-03-19T14:59:03","modified_gmt":"2018-03-19T13:59:03","slug":"traumpfad-muenchen-venedig","status":"publish","type":"page","link":"https:\/\/www.2muve.de\/index.php\/traumpfad-muenchen-venedig\/","title":{"rendered":"Traumpfad: M\u00fcnchen &#8211; Venedig"},"content":{"rendered":"<p>Hall\u00f6chen zusammen,<\/p>\n<p>2muve ist entstanden aus <strong>2<\/strong> M\u00e4dels die von <strong>Mu<\/strong>enchen nach <strong>Ve<\/strong>nedig wandern. Das ist unser gro\u00dfer Traum f\u00fcr das Jahr 2016, zu Fu\u00df \u00fcber die Alpen nach Italien. Im Sommer wollen wir am Marienplatz starten und dann nach etwa 550 Kilometern und 20000 H\u00f6henmetern in Venedig auf dem Markusplatz ankommen. Diskutiert mit uns unsere Reisevorbereitungen, lasst euch von unserem Traum begeisern, teilt unsere Vorfreude und begleitet uns auf den 28 Etappen von M\u00fcnchen nach Venedig.<\/p>\n<p><img decoding=\"async\" src=\"https:\/\/www.2muve.de\/wp-content\/uploads\/2016\/09\/MuenchenVenedig_17_28.jpg\" alt=\"Traumhaftes Panorama\" \/><\/p>\n<p><strong>Artikel zum Thema Motivation<\/strong><br \/>\n<a href=\"https:\/\/www.2muve.de\/index.php\/zu-fuss-nach-italien-laufen-warum-eigentlich\/\" target=\"_blank\">Zu Fu\u00df nach Italien &#8211; warum eigentlich?<\/a><br \/>\n<a href=\"https:\/\/www.ideale-gerade.de\/2016\/09\/19\/nebenbei-heute-geht-es-mal-weniger-ums-laufen-sabine-und-tatjana-von-2muve-sind-vor-kurzem-von-m%C3%BCnchen-nach-venedig-gewandert\/\" target=\"_blank\">Interview zu M\u00fcnchen-Venedig<\/a><br \/>\n<a href=\"https:\/\/www.2muve.de\/index.php\/muve-28-etappen-spaeter-und-jetzt\/\">muve: 28 Etappen sp\u00e4ter \u2013 und jetzt?<\/a><\/p>\n<p><strong>Artikel zum Thema Reisevorbereitung<\/strong><br \/>\n<a href=\"https:\/\/www.2muve.de\/index.php\/kaiserliche-dreitagestour-zwischen-zahmem-und-wildem-kaiser\/\">Vorbereitungstour im Kaisergebirge<\/a><br \/>\n<a href=\"https:\/\/www.2muve.de\/index.php\/los-gehts\/\">Los geht&#8217;s!<\/a><\/p>\n<p><strong>Artikel zum Thema Wanderung<\/strong><br \/>\n<a href=\"https:\/\/www.2muve.de\/index.php\/muenchen-venedig-etappe-1-muenchen-wolfratshausen\/\">muve Etappe 1: M\u00fcnchen &#8211; Wolfratshausen<\/a><br \/>\n<a href=\"https:\/\/www.2muve.de\/index.php\/muve-etappe-2-wolfratshausen-bad-toelz\/\">muve Etappe 2: Wolfratshausen &#8211; Bad T\u00f6lz<\/a><br \/>\n<a href=\"https:\/\/www.2muve.de\/index.php\/muve-etappe-3-bad-toelz-tutzinger-huette\/\">muve Etappe 3: Bad T\u00f6lz &#8211; Tutzinger H\u00fctte<\/a><br \/>\n<a href=\"https:\/\/www.2muve.de\/index.php\/muve-etappe-4-tutzinger-huette-vorderriss\/\">muve Etappe 4: Tutzinger H\u00fctte &#8211; Vorderri\u00df<\/a><br \/>\n<a href=\"https:\/\/www.2muve.de\/index.php\/muve-etappe-5-vorderriss-karwendelhaus\/\">muve Etappe 5: Vorderri\u00df &#8211; Karwendelhaus<\/a><br \/>\n<a href=\"https:\/\/www.2muve.de\/index.php\/muve-etappe-6-karwendelhaus-innsbruck\/\">muve &#8222;Etappe&#8220; 6: Karwendelhaus &#8211; Innsbruck<\/a><br \/>\n<a href=\"https:\/\/www.2muve.de\/index.php\/muve-etappe-7-innsbruck-voldertalhuette\/\">muve Etappe 7: Innsbruck &#8211; Voldertalh\u00fctte<\/a><br \/>\n<a href=\"https:\/\/www.2muve.de\/index.php\/muve-etappe-8-voldertalhuette-lizumer-huette\/\">muve Etappe 8: Voldertalh\u00fctte &#8211; Lizumer H\u00fctte<\/a><br \/>\n<a href=\"https:\/\/www.2muve.de\/index.php\/muve-etappe-9-lizumer-huette-tuxer-joch-haus\/\">muve Etappe 9: Lizumer H\u00fctte &#8211; Tuxer-Joch-Haus<\/a><br \/>\n<a href=\"https:\/\/www.2muve.de\/index.php\/muve-etappe-10-tuxer-joch-haus-olpererhuette\/\">muve Etappe 10: Tuxer-Joch-Haus &#8211; Olpererh\u00fctte<\/a><br \/>\n<a href=\"https:\/\/www.2muve.de\/index.php\/muve-etappe-11-olpererhuette-stein\/\">muve Etappe 11: Olpererh\u00fctte \u2013 Stein<\/a><br \/>\n<a href=\"https:\/\/www.2muve.de\/index.php\/muve-etappe-12-stein-weitental\/\">muve Etappe 12: Stein \u2013 Weitental<\/a><br \/>\n<a href=\"https:\/\/www.2muve.de\/index.php\/muve-etappe-13-weitental-kreuzwiesenalm\/\">muve Etappe 13: Weitental \u2013 Kreuzwiesenalm<\/a><br \/>\n<a href=\"https:\/\/www.2muve.de\/index.php\/muve-etappe-14-kreuzwiesenalm-schlueterhuette\/\">muve Etappe 14: Kreuzwiesenalm \u2013 Schl\u00fcterh\u00fctte<\/a><br \/>\n<a href=\"https:\/\/www.2muve.de\/index.php\/muve-etappe-15-schlueterhuette-groedner-joch\/\">muve Etappe 15: Schl\u00fcterh\u00fctte \u2013 Gr\u00f6dner Joch<\/a><br \/>\n<a href=\"https:\/\/www.2muve.de\/index.php\/muve-etappe-16-groedner-joch-rifugio-pisciadu\/\">muve Etappe 16: Gr\u00f6dner Joch \u2013 Rifugio Pisciadu<\/a><br \/>\n<a href=\"https:\/\/www.2muve.de\/index.php\/muve-etappe-17-rifugio-pisciadu-lago-di-fedaia\/\">muve Etappe 17: Rifugio Pisciadu \u2013 Lago di Fedaia<\/a><br \/>\n<a href=\"https:\/\/www.2muve.de\/index.php\/muve-etappe-18-lago-di-fedaia-rifugio-coldai\/\">muve Etappe 18: Lago di Fedaia \u2013 Rifugio Coldai<\/a><br \/>\n<a href=\"https:\/\/www.2muve.de\/index.php\/muve-etappe-19-rifugio-coldai-passo-duran\/\">muve Etappe 19: Rifugio Coldai \u2013 Passo Duran<\/a><br \/>\n<a href=\"https:\/\/www.2muve.de\/index.php\/muve-etappe-20-passo-duran-rifugio-pian-de-fontana\/\">muve Etappe 20: Passo Duran \u2013 Rifugio Pian de Fontana<\/a><br \/>\n<a href=\"https:\/\/www.2muve.de\/index.php\/muve-etappe-21-rifugio-pian-de-fontana-longarone-belluno\/\">muve Etappe 21: Rifugio Pian de Fontana \u2013 Longarone \u2013 Belluno<\/a><br \/>\n<a href=\"https:\/\/www.2muve.de\/index.php\/muve-etappe-22-belluno-rifugio-col-visentin\/\">muve Etappe 22: Belluno \u2013 Rifugio Col Visentin<\/a><br \/>\n<a href=\"https:\/\/www.2muve.de\/index.php\/muve-etappe-23-rifugio-col-visentin-arfanta\/\">muve Etappe 23: Rifugio Col Visentin \u2013 Arfanta<\/a><br \/>\n<a href=\"https:\/\/www.2muve.de\/index.php\/muve-etappe-24-arfanta-ponte-della-priula\/\">muve Etappe 24: Arfanta \u2013 Ponte della Priula<\/a><br \/>\n<a href=\"https:\/\/www.2muve.de\/index.php\/muve-etappe-25-ponte-della-priula-san-bartolomeo\/\">muve Etappe 25: Ponte della Priula \u2013 San Bartolomeo<\/a><br \/>\n<a href=\"https:\/\/www.2muve.de\/index.php\/muve-etappe-26-san-bartolomeo-cavallino\/\">muve Etappe 26: San Bartolomeo &#8211; Cavallino<\/a><br \/>\n<a href=\"https:\/\/www.2muve.de\/index.php\/muve-etappe-27-cavallino-venedig\/\">muve Etappe 27: Cavallino &#8211; Venedig<\/a><br \/>\n<a href=\"https:\/\/www.2muve.de\/index.php\/muve-etappe-28-venedig-muenchen\/\">muve \u201eEtappe\u201c 28: Venedig \u2013 M\u00fcnchen<\/a><\/p>\n<p><strong>Zusammenfassungen:<\/strong><br \/>\n<a href=\"https:\/\/www.2muve.de\/index.php\/muve-von-muenchen-bis-ins-inntal\/\">muve: Von M\u00fcnchen bis ins Inntal<\/a><br \/>\n<a href=\"https:\/\/www.2muve.de\/index.php\/muve-vom-inntal-ins-pustertal\/\">muve: Vom Inntal ins Pustertal<\/a><br \/>\n<a href=\"https:\/\/www.2muve.de\/index.php\/muve-auf-dem-dolomiten-hoehenweg-1-und-2\/\">muve: Auf dem Dolomiten H\u00f6henweg 1 und 2<\/a><br \/>\n<a href=\"https:\/\/www.2muve.de\/index.php\/muve-von-belluno-bis-venedig\/\">muve: Von Belluno bis Venedig<\/a><br \/>\n<a href=\"https:\/\/www.2muve.de\/index.php\/muve-die-schoensten-momente\/\">muve: Die sch\u00f6nsten Momente<\/a><\/p>\n<p><strong>Zusatzinfos<\/strong><br \/>\n<a href=\"https:\/\/www.2muve.de\/index.php\/muve-unsere-uebernachtungsplaetze\/\">muve: Unsere \u00dcbernachtungspl\u00e4tze<\/a><br \/>\n<a href=\"https:\/\/www.2muve.de\/index.php\/muve-vegan-ueber-die-alpen\/\">muve: Vegan \u00fcber die Alpen<\/a><\/p>\n<p><strong>Strecke<\/strong><br \/>\n[sgpx gpx=&#8220;\/wp-content\/uploads\/gpx\/combined.gpx&#8220;]\n","protected":false},"excerpt":{"rendered":"<p>Hall\u00f6chen zusammen, 2muve ist entstanden aus 2 M\u00e4dels die von Muenchen nach Venedig wandern. Das ist unser gro\u00dfer Traum f\u00fcr das Jahr 2016, zu Fu\u00df \u00fcber die Alpen nach Italien. Im Sommer wollen wir am Marienplatz starten und dann nach &hellip; <a href=\"https:\/\/www.2muve.de\/index.php\/traumpfad-muenchen-venedig\/\">Weiter<\/a><\/p>\n","protected":false},"author":1,"featured_media":8047,"parent":0,"menu_order":0,"comment_status":"closed","ping_status":"closed","template":"","meta":{"kt_blocks_editor_width":"","footnotes":""},"class_list":["post-7649","page","type-page","status-publish","has-post-thumbnail","hentry"],"_links":{"self":[{"href":"https:\/\/www.2muve.de\/index.php\/wp-json\/wp\/v2\/pages\/7649","targetHints":{"allow":["GET"]}}],"collection":[{"href":"https:\/\/www.2muve.de\/index.php\/wp-json\/wp\/v2\/pages"}],"about":[{"href":"https:\/\/www.2muve.de\/index.php\/wp-json\/wp\/v2\/types\/page"}],"author":[{"embeddable":true,"href":"https:\/\/www.2muve.de\/index.php\/wp-json\/wp\/v2\/users\/1"}],"replies":[{"embeddable":true,"href":"https:\/\/www.2muve.de\/index.php\/wp-json\/wp\/v2\/comments?post=7649"}],"version-history":[{"count":41,"href":"https:\/\/www.2muve.de\/index.php\/wp-json\/wp\/v2\/pages\/7649\/revisions"}],"predecessor-version":[{"id":9378,"href":"https:\/\/www.2muve.de\/index.php\/wp-json\/wp\/v2\/pages\/7649\/revisions\/9378"}],"wp:featuredmedia":[{"embeddable":true,"href":"https:\/\/www.2muve.de\/index.php\/wp-json\/wp\/v2\/media\/8047"}],"wp:attachment":[{"href":"https:\/\/www.2muve.de\/index.php\/wp-json\/wp\/v2\/media?parent=7649"}],"curies":[{"name":"wp","href":"https:\/\/api.w.org\/{rel}","templated":true}]}}

Traumpfad: München &#8211; Venedig

<p>Hallöchen zusammen,</p>
<p>2muve ist entstanden aus <strong>2</strong> Mädels die von <strong>Mu</strong>enchen nach <strong>Ve</strong>nedig wandern. Das ist unser großer Traum für das Jahr 2016, zu Fuß über die Alpen nach Italien. Im Sommer wollen wir am Marienplatz starten und dann nach etwa 550 Kilometern und 20000 Höhenmetern in Venedig auf dem Markusplatz ankommen. Diskutiert mit uns unsere Reisevorbereitungen, lasst euch von unserem Traum begeisern, teilt unsere Vorfreude und begleitet uns auf den 28 Etappen von München nach Venedig.</p>
<p><img decoding="async" src="https://www.2muve.de/wp-content/uploads/2016/09/MuenchenVenedig_17_28.jpg" alt="Traumhaftes Panorama" /></p>
<p><strong>Artikel zum Thema Motivation</strong><br />
<a href="https://www.2muve.de/index.php/zu-fuss-nach-italien-laufen-warum-eigentlich/" target="_blank">Zu Fuß nach Italien &#8211; warum eigentlich?</a><br />
<a href="https://www.ideale-gerade.de/2016/09/19/nebenbei-heute-geht-es-mal-weniger-ums-laufen-sabine-und-tatjana-von-2muve-sind-vor-kurzem-von-m%C3%BCnchen-nach-venedig-gewandert/" target="_blank">Interview zu München-Venedig</a><br />
<a href="https://www.2muve.de/index.php/muve-28-etappen-spaeter-und-jetzt/">muve: 28 Etappen später – und jetzt?</a></p>
<p><strong>Artikel zum Thema Reisevorbereitung</strong><br />
<a href="https://www.2muve.de/index.php/kaiserliche-dreitagestour-zwischen-zahmem-und-wildem-kaiser/">Vorbereitungstour im Kaisergebirge</a><br />
<a href="https://www.2muve.de/index.php/los-gehts/">Los geht&#8217;s!</a></p>
<p><strong>Artikel zum Thema Wanderung</strong><br />
<a href="https://www.2muve.de/index.php/muenchen-venedig-etappe-1-muenchen-wolfratshausen/">muve Etappe 1: München &#8211; Wolfratshausen</a><br />
<a href="https://www.2muve.de/index.php/muve-etappe-2-wolfratshausen-bad-toelz/">muve Etappe 2: Wolfratshausen &#8211; Bad Tölz</a><br />
<a href="https://www.2muve.de/index.php/muve-etappe-3-bad-toelz-tutzinger-huette/">muve Etappe 3: Bad Tölz &#8211; Tutzinger Hütte</a><br />
<a href="https://www.2muve.de/index.php/muve-etappe-4-tutzinger-huette-vorderriss/">muve Etappe 4: Tutzinger Hütte &#8211; Vorderriß</a><br />
<a href="https://www.2muve.de/index.php/muve-etappe-5-vorderriss-karwendelhaus/">muve Etappe 5: Vorderriß &#8211; Karwendelhaus</a><br />
<a href="https://www.2muve.de/index.php/muve-etappe-6-karwendelhaus-innsbruck/">muve &#8222;Etappe&#8220; 6: Karwendelhaus &#8211; Innsbruck</a><br />
<a href="https://www.2muve.de/index.php/muve-etappe-7-innsbruck-voldertalhuette/">muve Etappe 7: Innsbruck &#8211; Voldertalhütte</a><br />
<a href="https://www.2muve.de/index.php/muve-etappe-8-voldertalhuette-lizumer-huette/">muve Etappe 8: Voldertalhütte &#8211; Lizumer Hütte</a><br />
<a href="https://www.2muve.de/index.php/muve-etappe-9-lizumer-huette-tuxer-joch-haus/">muve Etappe 9: Lizumer Hütte &#8211; Tuxer-Joch-Haus</a><br />
<a href="https://www.2muve.de/index.php/muve-etappe-10-tuxer-joch-haus-olpererhuette/">muve Etappe 10: Tuxer-Joch-Haus &#8211; Olpererhütte</a><br />
<a href="https://www.2muve.de/index.php/muve-etappe-11-olpererhuette-stein/">muve Etappe 11: Olpererhütte – Stein</a><br />
<a href="https://www.2muve.de/index.php/muve-etappe-12-stein-weitental/">muve Etappe 12: Stein – Weitental</a><br />
<a href="https://www.2muve.de/index.php/muve-etappe-13-weitental-kreuzwiesenalm/">muve Etappe 13: Weitental – Kreuzwiesenalm</a><br />
<a href="https://www.2muve.de/index.php/muve-etappe-14-kreuzwiesenalm-schlueterhuette/">muve Etappe 14: Kreuzwiesenalm – Schlüterhütte</a><br />
<a href="https://www.2muve.de/index.php/muve-etappe-15-schlueterhuette-groedner-joch/">muve Etappe 15: Schlüterhütte – Grödner Joch</a><br />
<a href="https://www.2muve.de/index.php/muve-etappe-16-groedner-joch-rifugio-pisciadu/">muve Etappe 16: Grödner Joch – Rifugio Pisciadu</a><br />
<a href="https://www.2muve.de/index.php/muve-etappe-17-rifugio-pisciadu-lago-di-fedaia/">muve Etappe 17: Rifugio Pisciadu – Lago di Fedaia</a><br />
<a href="https://www.2muve.de/index.php/muve-etappe-18-lago-di-fedaia-rifugio-coldai/">muve Etappe 18: Lago di Fedaia – Rifugio Coldai</a><br />
<a href="https://www.2muve.de/index.php/muve-etappe-19-rifugio-coldai-passo-duran/">muve Etappe 19: Rifugio Coldai – Passo Duran</a><br />
<a href="https://www.2muve.de/index.php/muve-etappe-20-passo-duran-rifugio-pian-de-fontana/">muve Etappe 20: Passo Duran – Rifugio Pian de Fontana</a><br />
<a href="https://www.2muve.de/index.php/muve-etappe-21-rifugio-pian-de-fontana-longarone-belluno/">muve Etappe 21: Rifugio Pian de Fontana – Longarone – Belluno</a><br />
<a href="https://www.2muve.de/index.php/muve-etappe-22-belluno-rifugio-col-visentin/">muve Etappe 22: Belluno – Rifugio Col Visentin</a><br />
<a href="https://www.2muve.de/index.php/muve-etappe-23-rifugio-col-visentin-arfanta/">muve Etappe 23: Rifugio Col Visentin – Arfanta</a><br />
<a href="https://www.2muve.de/index.php/muve-etappe-24-arfanta-ponte-della-priula/">muve Etappe 24: Arfanta – Ponte della Priula</a><br />
<a href="https://www.2muve.de/index.php/muve-etappe-25-ponte-della-priula-san-bartolomeo/">muve Etappe 25: Ponte della Priula – San Bartolomeo</a><br />
<a href="https://www.2muve.de/index.php/muve-etappe-26-san-bartolomeo-cavallino/">muve Etappe 26: San Bartolomeo &#8211; Cavallino</a><br />
<a href="https://www.2muve.de/index.php/muve-etappe-27-cavallino-venedig/">muve Etappe 27: Cavallino &#8211; Venedig</a><br />
<a href="https://www.2muve.de/index.php/muve-etappe-28-venedig-muenchen/">muve „Etappe“ 28: Venedig – München</a></p>
<p><strong>Zusammenfassungen:</strong><br />
<a href="https://www.2muve.de/index.php/muve-von-muenchen-bis-ins-inntal/">muve: Von München bis ins Inntal</a><br />
<a href="https://www.2muve.de/index.php/muve-vom-inntal-ins-pustertal/">muve: Vom Inntal ins Pustertal</a><br />
<a href="https://www.2muve.de/index.php/muve-auf-dem-dolomiten-hoehenweg-1-und-2/">muve: Auf dem Dolomiten Höhenweg 1 und 2</a><br />
<a href="https://www.2muve.de/index.php/muve-von-belluno-bis-venedig/">muve: Von Belluno bis Venedig</a><br />
<a href="https://www.2muve.de/index.php/muve-die-schoensten-momente/">muve: Die schönsten Momente</a></p>
<p><strong>Zusatzinfos</strong><br />
<a href="https://www.2muve.de/index.php/muve-unsere-uebernachtungsplaetze/">muve: Unsere Übernachtungsplätze</a><br />
<a href="https://www.2muve.de/index.php/muve-vegan-ueber-die-alpen/">muve: Vegan über die Alpen</a></p>
<p><strong>Strecke</strong><br />
[sgpx gpx=&#8220;/wp-content/uploads/gpx/combined.gpx&#8220;]

<p>Hallöchen zusammen, 2muve ist entstanden aus 2 Mädels die von Muenchen nach Venedig wandern. Das ist unser großer Traum für das Jahr 2016, zu Fuß über die Alpen nach Italien. Im Sommer wollen wir am Marienplatz starten und dann nach &hellip; <a href="https://www.2muve.de/index.php/traumpfad-muenchen-venedig/">Weiter</a></p>
